{"id":1043,"date":"2023-08-13T00:37:28","date_gmt":"2023-08-13T04:37:28","guid":{"rendered":"https:\/\/hferreteria.cl\/?post_type=product&#038;p=1043"},"modified":"2024-01-07T12:11:26","modified_gmt":"2024-01-07T15:11:26","slug":"casco","status":"publish","type":"product","link":"https:\/\/hferreteria.cl\/?product=casco","title":{"rendered":"L\u00e1piz Pasta 1.0 mm Punta Media Negro Cristal"},"content":{"rendered":"<p>El l\u00e1piz pasta Fultons cuenta con un cuerpo de cristal transparente, ideal para ver su contenido. Su estructura y tama\u00f1o de bolsillo permite su portabilidad, convirti\u00e9ndolo en un l\u00e1piz pr\u00e1ctico, simple y transportable a la hora de hacer tus anotaciones.<\/p>\n","protected":false},"excerpt":{"rendered":"<p class=\"product-meta__title heading h1\">L\u00e1piz Pasta 1.0 mm Punta Media Negro Cristal<\/p>\n","protected":false},"featured_media":1518,"comment_status":"open","ping_status":"closed","template":"","meta":{"site-sidebar-layout":"default","site-content-layout":"default","ast-global-header-display":"","ast-main-header-display":"","ast-hfb-above-header-display":"","ast-hfb-below-header-display":"","ast-hfb-mobile-header-display":"","site-post-title":"","ast-breadcrumbs-content":"","ast-featured-img":"","footer-sml-layout":"","theme-transparent-header-meta":"default","adv-header-id-meta":"","stick-header-meta":"","header-above-stick-meta":"","header-main-stick-meta":"","header-below-stick-meta":"","_joinchat":[]},"product_brand":[],"product_cat":[27,33],"product_tag":[],"class_list":{"0":"post-1043","1":"product","2":"type-product","3":"status-publish","4":"has-post-thumbnail","6":"product_cat-hoffice","7":"product_cat-lapices","8":"desktop-align-left","9":"tablet-align-left","10":"mobile-align-left","12":"first","13":"instock","14":"shipping-taxable","15":"purchasable","16":"product-type-simple"},"_links":{"self":[{"href":"https:\/\/hferreteria.cl\/index.php?rest_route=\/wp\/v2\/product\/1043","targetHints":{"allow":["GET"]}}],"collection":[{"href":"https:\/\/hferreteria.cl\/index.php?rest_route=\/wp\/v2\/product"}],"about":[{"href":"https:\/\/hferreteria.cl\/index.php?rest_route=\/wp\/v2\/types\/product"}],"replies":[{"embeddable":true,"href":"https:\/\/hferreteria.cl\/index.php?rest_route=%2Fwp%2Fv2%2Fcomments&post=1043"}],"wp:featuredmedia":[{"embeddable":true,"href":"https:\/\/hferreteria.cl\/index.php?rest_route=\/wp\/v2\/media\/1518"}],"wp:attachment":[{"href":"https:\/\/hferreteria.cl\/index.php?rest_route=%2Fwp%2Fv2%2Fmedia&parent=1043"}],"wp:term":[{"taxonomy":"product_brand","embeddable":true,"href":"https:\/\/hferreteria.cl\/index.php?rest_route=%2Fwp%2Fv2%2Fproduct_brand&post=1043"},{"taxonomy":"product_cat","embeddable":true,"href":"https:\/\/hferreteria.cl\/index.php?rest_route=%2Fwp%2Fv2%2Fproduct_cat&post=1043"},{"taxonomy":"product_tag","embeddable":true,"href":"https:\/\/hferreteria.cl\/index.php?rest_route=%2Fwp%2Fv2%2Fproduct_tag&post=1043"}],"curies":[{"name":"wp","href":"https:\/\/api.w.org\/{rel}","templated":true}]}}