{"id":1469,"date":"2023-10-04T00:06:55","date_gmt":"2023-10-04T03:06:55","guid":{"rendered":"https:\/\/hferreteria.cl\/?post_type=product&#038;p=1469"},"modified":"2023-10-04T00:09:05","modified_gmt":"2023-10-04T03:09:05","slug":"cloro-granulado-1-kilo","status":"publish","type":"product","link":"https:\/\/hferreteria.cl\/?product=cloro-granulado-1-kilo","title":{"rendered":"Cloro Granulado 1 kilo"},"content":{"rendered":"<p class=\"fusion-woocommerce-tab-title fusion-responsive-typography-calculated\" data-fontsize=\"18\" data-lineheight=\"25.2px\">Descripci\u00f3n<\/p>\n<p>Cloro granulado o sal granulada sirve para todo tipo de piscinas con\u00a0<a href=\"https:\/\/es.wikipedia.org\/wiki\/Electr%C3%B3lisis_del_agua\" target=\"_blank\" rel=\"noopener\"><strong>electrolisis<\/strong><\/a>\u00a0o cloraci\u00f3n salina. tambi\u00e9n permite recuperar r\u00e1pidamente el agua de la piscina que presente suciedad, turbiedades, colores verdes o marrones, etc.<br \/>\nProducto org\u00e1nico de disoluci\u00f3n r\u00e1pida, altamente estabilizado y con un contenido del 55% en cloro \u00fatil.<\/p>\n<p>Para qu\u00e9 se usa<\/p>\n<p>Para la puesta en marcha o recuperaci\u00f3n del agua. Ideal para inicio de temporada de piscinas, o despu\u00e9s de condiciones clim\u00e1ticas duras ya que tiene una acci\u00f3n intensiva de destrucci\u00f3n r\u00e1pida de organismos, bacterias y hongos para poder volver a\u00a0disfrutar del ba\u00f1o.<\/p>\n<p>C\u00f3mo se usa<\/p>\n<p><strong>Tratamiento inicial<\/strong><\/p>\n<p>\u2013 A\u00f1adir 150 gr. de Cloro granuldo por cada 10 m3 de agua.<br \/>\n\u2013 Al cabo de 2 horas ajustar el pH del agua entre 7,2 y 7,6, con<br \/>\nbaja o sube pH. Dideval<br \/>\n\u2013 Este tratamiento inicial de supercloraci\u00f3n, deber\u00e1 repetirse siempre que el agua aparezca turbia.<\/p>\n<p><strong>Tratamiento de mantenimiento<\/strong><\/p>\n<p>\u2013 Una vez el pH del agua est\u00e1 correctamente ajustado, debes a\u00f1adir cada d\u00eda 20 gr. por cada 10 m3 de agua.<\/p>\n","protected":false},"excerpt":{"rendered":"<p class=\"product-title\">Cloro Granulado 1 kilo &#8211; Dideval<\/p>\n","protected":false},"featured_media":1470,"comment_status":"open","ping_status":"closed","template":"","meta":{"site-sidebar-layout":"default","site-content-layout":"default","ast-global-header-display":"","ast-main-header-display":"","ast-hfb-above-header-display":"","ast-hfb-below-header-display":"","ast-hfb-mobile-header-display":"","site-post-title":"","ast-breadcrumbs-content":"","ast-featured-img":"","footer-sml-layout":"","theme-transparent-header-meta":"default","adv-header-id-meta":"","stick-header-meta":"","header-above-stick-meta":"","header-main-stick-meta":"","header-below-stick-meta":"","_joinchat":[]},"product_brand":[],"product_cat":[26,30],"product_tag":[],"class_list":{"0":"post-1469","1":"product","2":"type-product","3":"status-publish","4":"has-post-thumbnail","6":"product_cat-hferreteria","7":"product_cat-insumos-de-piscinas","8":"desktop-align-left","9":"tablet-align-left","10":"mobile-align-left","12":"first","13":"instock","14":"shipping-taxable","15":"purchasable","16":"product-type-simple"},"_links":{"self":[{"href":"https:\/\/hferreteria.cl\/index.php?rest_route=\/wp\/v2\/product\/1469","targetHints":{"allow":["GET"]}}],"collection":[{"href":"https:\/\/hferreteria.cl\/index.php?rest_route=\/wp\/v2\/product"}],"about":[{"href":"https:\/\/hferreteria.cl\/index.php?rest_route=\/wp\/v2\/types\/product"}],"replies":[{"embeddable":true,"href":"https:\/\/hferreteria.cl\/index.php?rest_route=%2Fwp%2Fv2%2Fcomments&post=1469"}],"wp:featuredmedia":[{"embeddable":true,"href":"https:\/\/hferreteria.cl\/index.php?rest_route=\/wp\/v2\/media\/1470"}],"wp:attachment":[{"href":"https:\/\/hferreteria.cl\/index.php?rest_route=%2Fwp%2Fv2%2Fmedia&parent=1469"}],"wp:term":[{"taxonomy":"product_brand","embeddable":true,"href":"https:\/\/hferreteria.cl\/index.php?rest_route=%2Fwp%2Fv2%2Fproduct_brand&post=1469"},{"taxonomy":"product_cat","embeddable":true,"href":"https:\/\/hferreteria.cl\/index.php?rest_route=%2Fwp%2Fv2%2Fproduct_cat&post=1469"},{"taxonomy":"product_tag","embeddable":true,"href":"https:\/\/hferreteria.cl\/index.php?rest_route=%2Fwp%2Fv2%2Fproduct_tag&post=1469"}],"curies":[{"name":"wp","href":"https:\/\/api.w.org\/{rel}","templated":true}]}}